{"id":147,"date":"2019-10-26T13:46:38","date_gmt":"2019-10-26T13:46:38","guid":{"rendered":"http:\/\/www.flamencotanz-hamburg.de\/?page_id=147"},"modified":"2019-10-27T18:47:06","modified_gmt":"2019-10-27T18:47:06","slug":"ueber-gundula","status":"publish","type":"page","link":"https:\/\/www.flamencotanz-hamburg.de\/?page_id=147","title":{"rendered":"\u00dcber Gundula"},"content":{"rendered":"\t\t<div data-elementor-type=\"wp-page\" data-elementor-id=\"147\" class=\"elementor elementor-147\">\n\t\t\t\t\t\t<section class=\"elementor-section elementor-top-section elementor-element elementor-element-ddd19e7 elementor-section-boxed elementor-section-height-default elementor-section-height-default\" data-id=\"ddd19e7\" data-element_type=\"section\" data-e-type=\"section\">\n\t\t\t\t\t\t<div class=\"elementor-container elementor-column-gap-default\">\n\t\t\t\t\t<div class=\"elementor-column elementor-col-100 elementor-top-column elementor-element elementor-element-5531f67\" data-id=\"5531f67\" data-element_type=\"column\" data-e-type=\"column\">\n\t\t\t<div class=\"elementor-widget-wrap elementor-element-populated\">\n\t\t\t\t\t\t<div class=\"elementor-element elementor-element-b5a278f elementor-widget elementor-widget-spacer\" data-id=\"b5a278f\" data-element_type=\"widget\" data-e-type=\"widget\" data-widget_type=\"spacer.default\">\n\t\t\t\t<div class=\"elementor-widget-container\">\n\t\t\t\t\t\t\t<div class=\"elementor-spacer\">\n\t\t\t<div class=\"elementor-spacer-inner\"><\/div>\n\t\t<\/div>\n\t\t\t\t\t\t<\/div>\n\t\t\t\t<\/div>\n\t\t\t\t\t<\/div>\n\t\t<\/div>\n\t\t\t\t\t<\/div>\n\t\t<\/section>\n\t\t\t\t<section class=\"elementor-section elementor-top-section elementor-element elementor-element-b3294d8 elementor-section-full_width elementor-section-height-default elementor-section-height-default\" data-id=\"b3294d8\" data-element_type=\"section\" data-e-type=\"section\">\n\t\t\t\t\t\t<div class=\"elementor-container elementor-column-gap-no\">\n\t\t\t\t\t<div class=\"elementor-column elementor-col-100 elementor-top-column elementor-element elementor-element-aa50ed1\" data-id=\"aa50ed1\" data-element_type=\"column\" data-e-type=\"column\">\n\t\t\t<div class=\"elementor-widget-wrap elementor-element-populated\">\n\t\t\t\t\t\t<div class=\"elementor-element elementor-element-74b0708 elementor-widget elementor-widget-text-editor\" data-id=\"74b0708\" data-element_type=\"widget\" data-e-type=\"widget\" data-widget_type=\"text-editor.default\">\n\t\t\t\t<div class=\"elementor-widget-container\">\n\t\t\t\t\t\t\t\t\t<p><img fetchpriority=\"high\" decoding=\"async\" class=\"wp-image-275 size-medium alignleft\" src=\"https:\/\/www.flamencotanz-hamburg.de\/wp-content\/uploads\/2019\/10\/Gundula_Koenig_priv-200x300.jpg\" alt=\"\" width=\"200\" height=\"300\" \/><\/p><p style=\"text-align: center;\"><span style=\"font-size: 14pt; color: #800000;\"><strong>\u00dcBER MICH<br \/><\/strong><\/span><\/p><p><span style=\"font-size: 12pt; color: #800000;\">Seit fr\u00fcher Jugend f\u00fchle ich mich leidenschaftlich mit dem Tanz verbunden. Im Flamenco habe ich die Sprache gefunden, mit der ich das Leben in all seinen Facetten k\u00fcnstlerisch und t\u00e4nzerisch ausdr\u00fccken kann. Seit 2005 bin ich professionelle Flamencot\u00e4nzerin und als Flamencolehrerin in Hamburg und Umgebung t\u00e4tig. <br \/><\/span><\/p><p><span style=\"font-size: 12pt; color: #800000;\">1998 kam ich nach Hamburg und begann bei Dirnei Duarte im Fandango Flamencostudio meine Tanzausbildung. Seit dem bilde mich stetig bei namenhaften Flamencolehrern in Spanien und Deutschland weiter. Gepr\u00e4gt haben mich u.a. Manolo Marin, Joaquin Ruiz, Leonor Moro, Juan Parra, La Chiqui de Jerez und vor allem Ursula Moreno. Neben dem Tanz gilt mein Interesse auch dem Gesang und der Perkussion (Lehrer: u.a. Jos\u00e9 Parrondo, Elva La Guardia, Cheito, Ricardo Espinosa und Juan Menese). <br \/><\/span><\/p><p><span style=\"font-size: 12pt;\"><span style=\"color: #800000;\">Neben dem Unterricht stehe ich mit dem Gitarristen Antonio Fernandez als Duo Fuego Flamenco, dem Ensemble FlamenCoraz\u00f3n (Mitbegr\u00fcnderin 2015) und meinem eigenen B\u00fchnenprogramm &#8222;Un D\u00eda&#8230; una Vida&#8220; auf der B\u00fchne.<\/span> <br \/><\/span><\/p>\t\t\t\t\t\t\t\t<\/div>\n\t\t\t\t<\/div>\n\t\t\t\t\t<\/div>\n\t\t<\/div>\n\t\t\t\t\t<\/div>\n\t\t<\/section>\n\t\t\t\t<section class=\"elementor-section elementor-top-section elementor-element elementor-element-b00a4a7 elementor-section-full_width elementor-section-height-default elementor-section-height-default\" data-id=\"b00a4a7\" data-element_type=\"section\" data-e-type=\"section\">\n\t\t\t\t\t\t<div class=\"elementor-container elementor-column-gap-no\">\n\t\t\t\t\t<div class=\"elementor-column elementor-col-100 elementor-top-column elementor-element elementor-element-45e9996\" data-id=\"45e9996\" data-element_type=\"column\" data-e-type=\"column\">\n\t\t\t<div class=\"elementor-widget-wrap elementor-element-populated\">\n\t\t\t\t\t\t<div class=\"elementor-element elementor-element-54efd80 elementor-widget elementor-widget-text-editor\" data-id=\"54efd80\" data-element_type=\"widget\" data-e-type=\"widget\" data-widget_type=\"text-editor.default\">\n\t\t\t\t<div class=\"elementor-widget-container\">\n\t\t\t\t\t\t\t\t\t<p style=\"text-align: center;\"><strong> <img decoding=\"async\" class=\"wp-image-277 alignleft\" src=\"https:\/\/www.flamencotanz-hamburg.de\/wp-content\/uploads\/2019\/10\/GundulaKoenig_Unterricht01-e1572177548680.jpg\" alt=\"\" width=\"200\" height=\"150\" \/><span style=\"font-size: 12pt; color: #800000;\">MEIN UNTERRICHT<\/span><\/strong><\/p><p><span style=\"font-size: 12pt; color: #800000;\">Mein Kursangebot richtet sich an alle Tanzinteressierten in Hamburg und Umgebung. Es werden die typischen Fu\u00dftechniken, Arm- und Handbewegungen vermittelt und anschlie\u00dfend bei der Erarbeitung einer Choreographie umgesetzt. Im Vordergrund steht dabei immer die Freude am Tanz und an der Bewegung zu den mitrei\u00dfenden Flamencorhythmen. Der Unterricht wird in regelm\u00e4\u00dfigen Abst\u00e4nden von Live-Gitarrenmusik und Gesang begleitet. Ich biete sowohl fortlaufende Gruppenkurse, zeitlich begrenzte Blockkurse, Schnupperkurse f\u00fcr Neugierige, Workshops und nach Absprache Einzelunterricht und Austrittscoaching an.<\/span><\/p><p><span style=\"font-size: 12pt; color: #800000;\">Aktuell biete ich Kurse im La Cajita Flamencostudio in HH-Bahrenfeld, im Friedrich-Ebert-Gymnasium in Harburg und im TaBaJa School of Dancing in Rahlstedt\/Berne an. Klick <a style=\"color: #800000;\" href=\"https:\/\/www.flamencotanz-hamburg.de\/html\/unterricht\/\">hier<\/a>, um direkt auf meinen Stundenplan zu kommen.<\/span><\/p>\t\t\t\t\t\t\t\t<\/div>\n\t\t\t\t<\/div>\n\t\t\t\t\t<\/div>\n\t\t<\/div>\n\t\t\t\t\t<\/div>\n\t\t<\/section>\n\t\t\t\t<\/div>\n\t\t","protected":false},"excerpt":{"rendered":"<p>\u00dcBER MICH Seit fr\u00fcher Jugend f\u00fchle ich mich leidenschaftlich mit dem Tanz verbunden. Im Flamenco habe ich die Sprache gefunden, mit der ich das Leben in all seinen Facetten k\u00fcnstlerisch und t\u00e4nzerisch ausdr\u00fccken kann. Seit 2005 bin ich professionelle Flamencot\u00e4nzerin und als Flamencolehrerin in Hamburg und Umgebung t\u00e4tig. 1998 kam ich nach Hamburg und begann [&hellip;]<\/p>\n","protected":false},"author":1,"featured_media":0,"parent":0,"menu_order":0,"comment_status":"closed","ping_status":"closed","template":"","meta":{"footnotes":""},"class_list":["post-147","page","type-page","status-publish","hentry","entry"],"_links":{"self":[{"href":"https:\/\/www.flamencotanz-hamburg.de\/index.php?rest_route=\/wp\/v2\/pages\/147","targetHints":{"allow":["GET"]}}],"collection":[{"href":"https:\/\/www.flamencotanz-hamburg.de\/index.php?rest_route=\/wp\/v2\/pages"}],"about":[{"href":"https:\/\/www.flamencotanz-hamburg.de\/index.php?rest_route=\/wp\/v2\/types\/page"}],"author":[{"embeddable":true,"href":"https:\/\/www.flamencotanz-hamburg.de\/index.php?rest_route=\/wp\/v2\/users\/1"}],"replies":[{"embeddable":true,"href":"https:\/\/www.flamencotanz-hamburg.de\/index.php?rest_route=%2Fwp%2Fv2%2Fcomments&post=147"}],"version-history":[{"count":8,"href":"https:\/\/www.flamencotanz-hamburg.de\/index.php?rest_route=\/wp\/v2\/pages\/147\/revisions"}],"predecessor-version":[{"id":338,"href":"https:\/\/www.flamencotanz-hamburg.de\/index.php?rest_route=\/wp\/v2\/pages\/147\/revisions\/338"}],"wp:attachment":[{"href":"https:\/\/www.flamencotanz-hamburg.de\/index.php?rest_route=%2Fwp%2Fv2%2Fmedia&parent=147"}],"curies":[{"name":"wp","href":"https:\/\/api.w.org\/{rel}","templated":true}]}}