{"id":141,"date":"2019-10-26T13:31:29","date_gmt":"2019-10-26T13:31:29","guid":{"rendered":"http:\/\/www.flamencotanz-hamburg.de\/?page_id=141"},"modified":"2026-03-08T11:57:28","modified_gmt":"2026-03-08T11:57:28","slug":"start","status":"publish","type":"page","link":"https:\/\/www.flamencotanz-hamburg.de\/","title":{"rendered":"Start"},"content":{"rendered":"\t\t<div data-elementor-type=\"wp-page\" data-elementor-id=\"141\" class=\"elementor elementor-141\">\n\t\t\t\t\t\t<section class=\"elementor-section elementor-top-section elementor-element elementor-element-c4ef79d elementor-section-boxed elementor-section-height-default elementor-section-height-default\" data-id=\"c4ef79d\" data-element_type=\"section\" data-e-type=\"section\">\n\t\t\t\t\t\t<div class=\"elementor-container elementor-column-gap-default\">\n\t\t\t\t\t<div class=\"elementor-column elementor-col-100 elementor-top-column elementor-element elementor-element-9d7d36a\" data-id=\"9d7d36a\" data-element_type=\"column\" data-e-type=\"column\">\n\t\t\t<div class=\"elementor-widget-wrap elementor-element-populated\">\n\t\t\t\t\t\t<div class=\"elementor-element elementor-element-abf73e5 elementor-widget elementor-widget-spacer\" data-id=\"abf73e5\" data-element_type=\"widget\" data-e-type=\"widget\" data-widget_type=\"spacer.default\">\n\t\t\t\t<div class=\"elementor-widget-container\">\n\t\t\t\t\t\t\t<div class=\"elementor-spacer\">\n\t\t\t<div class=\"elementor-spacer-inner\"><\/div>\n\t\t<\/div>\n\t\t\t\t\t\t<\/div>\n\t\t\t\t<\/div>\n\t\t\t\t\t<\/div>\n\t\t<\/div>\n\t\t\t\t\t<\/div>\n\t\t<\/section>\n\t\t\t\t<section class=\"elementor-section elementor-top-section elementor-element elementor-element-b72547b elementor-section-boxed elementor-section-height-default elementor-section-height-default\" data-id=\"b72547b\" data-element_type=\"section\" data-e-type=\"section\">\n\t\t\t\t\t\t<div class=\"elementor-container elementor-column-gap-default\">\n\t\t\t\t\t<div class=\"elementor-column elementor-col-100 elementor-top-column elementor-element elementor-element-5cb606f\" data-id=\"5cb606f\" data-element_type=\"column\" data-e-type=\"column\">\n\t\t\t<div class=\"elementor-widget-wrap elementor-element-populated\">\n\t\t\t\t\t\t<div class=\"elementor-element elementor-element-8a967be elementor-hidden-phone elementor-widget elementor-widget-image-gallery\" data-id=\"8a967be\" data-element_type=\"widget\" data-e-type=\"widget\" data-widget_type=\"image-gallery.default\">\n\t\t\t\t<div class=\"elementor-widget-container\">\n\t\t\t\t\t\t\t<div class=\"elementor-image-gallery\">\n\t\t\t<div id='gallery-1' class='gallery galleryid-141 gallery-columns-5 gallery-size-thumbnail'><figure class='gallery-item'>\n\t\t\t<div class='gallery-icon portrait'>\n\t\t\t\t<a data-elementor-open-lightbox=\"yes\" data-elementor-lightbox-slideshow=\"8a967be\" data-elementor-lightbox-title=\"GundulaKoenigUnDia01\" data-e-action-hash=\"#elementor-action%3Aaction%3Dlightbox%26settings%3DeyJpZCI6MjE4LCJ1cmwiOiJodHRwczpcL1wvd3d3LmZsYW1lbmNvdGFuei1oYW1idXJnLmRlXC93cC1jb250ZW50XC91cGxvYWRzXC8yMDE5XC8xMFwvR3VuZHVsYUtvZW5pZ1VuRGlhMDEuanBnIiwic2xpZGVzaG93IjoiOGE5NjdiZSJ9\" href='https:\/\/www.flamencotanz-hamburg.de\/wp-content\/uploads\/2019\/10\/GundulaKoenigUnDia01.jpg'><img decoding=\"async\" width=\"150\" height=\"150\" src=\"https:\/\/www.flamencotanz-hamburg.de\/wp-content\/uploads\/2019\/10\/GundulaKoenigUnDia01-150x150.jpg\" class=\"attachment-thumbnail size-thumbnail\" alt=\"\" \/><\/a>\n\t\t\t<\/div><\/figure><figure class='gallery-item'>\n\t\t\t<div class='gallery-icon landscape'>\n\t\t\t\t<a data-elementor-open-lightbox=\"yes\" data-elementor-lightbox-slideshow=\"8a967be\" data-elementor-lightbox-title=\"P1130493cm\" data-e-action-hash=\"#elementor-action%3Aaction%3Dlightbox%26settings%3DeyJpZCI6MjI3LCJ1cmwiOiJodHRwczpcL1wvd3d3LmZsYW1lbmNvdGFuei1oYW1idXJnLmRlXC93cC1jb250ZW50XC91cGxvYWRzXC8yMDE5XC8xMFwvUDExMzA0OTNjbS5qcGciLCJzbGlkZXNob3ciOiI4YTk2N2JlIn0%3D\" href='https:\/\/www.flamencotanz-hamburg.de\/wp-content\/uploads\/2019\/10\/P1130493cm.jpg'><img decoding=\"async\" width=\"150\" height=\"150\" src=\"https:\/\/www.flamencotanz-hamburg.de\/wp-content\/uploads\/2019\/10\/P1130493cm-150x150.jpg\" class=\"attachment-thumbnail size-thumbnail\" alt=\"\" \/><\/a>\n\t\t\t<\/div><\/figure><figure class='gallery-item'>\n\t\t\t<div class='gallery-icon landscape'>\n\t\t\t\t<a data-elementor-open-lightbox=\"yes\" data-elementor-lightbox-slideshow=\"8a967be\" data-elementor-lightbox-title=\"LaReinaFlamenco_UnDia08\" data-e-action-hash=\"#elementor-action%3Aaction%3Dlightbox%26settings%3DeyJpZCI6MjIyLCJ1cmwiOiJodHRwczpcL1wvd3d3LmZsYW1lbmNvdGFuei1oYW1idXJnLmRlXC93cC1jb250ZW50XC91cGxvYWRzXC8yMDE5XC8xMFwvTGFSZWluYUZsYW1lbmNvX1VuRGlhMDguanBnIiwic2xpZGVzaG93IjoiOGE5NjdiZSJ9\" href='https:\/\/www.flamencotanz-hamburg.de\/wp-content\/uploads\/2019\/10\/LaReinaFlamenco_UnDia08.jpg'><img decoding=\"async\" width=\"150\" height=\"150\" src=\"https:\/\/www.flamencotanz-hamburg.de\/wp-content\/uploads\/2019\/10\/LaReinaFlamenco_UnDia08-150x150.jpg\" class=\"attachment-thumbnail size-thumbnail\" alt=\"\" \/><\/a>\n\t\t\t<\/div><\/figure><figure class='gallery-item'>\n\t\t\t<div class='gallery-icon landscape'>\n\t\t\t\t<a data-elementor-open-lightbox=\"yes\" data-elementor-lightbox-slideshow=\"8a967be\" data-elementor-lightbox-title=\"Gundula_Koenig_Metanzmorphosen2011\" data-e-action-hash=\"#elementor-action%3Aaction%3Dlightbox%26settings%3DeyJpZCI6MTI4LCJ1cmwiOiJodHRwczpcL1wvd3d3LmZsYW1lbmNvdGFuei1oYW1idXJnLmRlXC93cC1jb250ZW50XC91cGxvYWRzXC8yMDE5XC8xMFwvR3VuZHVsYV9Lb2VuaWdfTWV0YW56bW9ycGhvc2VuMjAxMS5qcGciLCJzbGlkZXNob3ciOiI4YTk2N2JlIn0%3D\" href='https:\/\/www.flamencotanz-hamburg.de\/wp-content\/uploads\/2019\/10\/Gundula_Koenig_Metanzmorphosen2011.jpg'><img loading=\"lazy\" decoding=\"async\" width=\"150\" height=\"150\" src=\"https:\/\/www.flamencotanz-hamburg.de\/wp-content\/uploads\/2019\/10\/Gundula_Koenig_Metanzmorphosen2011-150x150.jpg\" class=\"attachment-thumbnail size-thumbnail\" alt=\"\" \/><\/a>\n\t\t\t<\/div><\/figure><figure class='gallery-item'>\n\t\t\t<div class='gallery-icon portrait'>\n\t\t\t\t<a data-elementor-open-lightbox=\"yes\" data-elementor-lightbox-slideshow=\"8a967be\" data-elementor-lightbox-title=\"P1310933Aci\" data-e-action-hash=\"#elementor-action%3Aaction%3Dlightbox%26settings%3DeyJpZCI6MjMxLCJ1cmwiOiJodHRwczpcL1wvd3d3LmZsYW1lbmNvdGFuei1oYW1idXJnLmRlXC93cC1jb250ZW50XC91cGxvYWRzXC8yMDE5XC8xMFwvUDEzMTA5MzNBY2kuanBnIiwic2xpZGVzaG93IjoiOGE5NjdiZSJ9\" href='https:\/\/www.flamencotanz-hamburg.de\/wp-content\/uploads\/2019\/10\/P1310933Aci.jpg'><img loading=\"lazy\" decoding=\"async\" width=\"150\" height=\"150\" src=\"https:\/\/www.flamencotanz-hamburg.de\/wp-content\/uploads\/2019\/10\/P1310933Aci-150x150.jpg\" class=\"attachment-thumbnail size-thumbnail\" alt=\"\" \/><\/a>\n\t\t\t<\/div><\/figure>\n\t\t<\/div>\n\t\t<\/div>\n\t\t\t\t\t\t<\/div>\n\t\t\t\t<\/div>\n\t\t\t\t\t<\/div>\n\t\t<\/div>\n\t\t\t\t\t<\/div>\n\t\t<\/section>\n\t\t\t\t<section class=\"elementor-section elementor-top-section elementor-element elementor-element-2a51c2c elementor-section-boxed elementor-section-height-default elementor-section-height-default\" data-id=\"2a51c2c\" data-element_type=\"section\" data-e-type=\"section\">\n\t\t\t\t\t\t<div class=\"elementor-container elementor-column-gap-default\">\n\t\t\t\t\t<div class=\"elementor-column elementor-col-100 elementor-top-column elementor-element elementor-element-594958f\" data-id=\"594958f\" data-element_type=\"column\" data-e-type=\"column\">\n\t\t\t<div class=\"elementor-widget-wrap elementor-element-populated\">\n\t\t\t\t\t\t<div class=\"elementor-element elementor-element-955538b elementor-widget elementor-widget-spacer\" data-id=\"955538b\" data-element_type=\"widget\" data-e-type=\"widget\" data-widget_type=\"spacer.default\">\n\t\t\t\t<div class=\"elementor-widget-container\">\n\t\t\t\t\t\t\t<div class=\"elementor-spacer\">\n\t\t\t<div class=\"elementor-spacer-inner\"><\/div>\n\t\t<\/div>\n\t\t\t\t\t\t<\/div>\n\t\t\t\t<\/div>\n\t\t\t\t\t<\/div>\n\t\t<\/div>\n\t\t\t\t\t<\/div>\n\t\t<\/section>\n\t\t\t\t<section class=\"elementor-section elementor-top-section elementor-element elementor-element-cc79546 elementor-section-full_width elementor-section-content-middle elementor-section-height-default elementor-section-height-default\" data-id=\"cc79546\" data-element_type=\"section\" data-e-type=\"section\">\n\t\t\t\t\t\t<div class=\"elementor-container elementor-column-gap-no\">\n\t\t\t\t\t<div class=\"elementor-column elementor-col-100 elementor-top-column elementor-element elementor-element-10e45e3\" data-id=\"10e45e3\" data-element_type=\"column\" data-e-type=\"column\">\n\t\t\t<div class=\"elementor-widget-wrap elementor-element-populated\">\n\t\t\t\t\t\t<div class=\"elementor-element elementor-element-f55228b elementor-widget elementor-widget-heading\" data-id=\"f55228b\" data-element_type=\"widget\" data-e-type=\"widget\" data-widget_type=\"heading.default\">\n\t\t\t\t<div class=\"elementor-widget-container\">\n\t\t\t\t\t<h1 class=\"elementor-heading-title elementor-size-large\">\"Flamenco - Der Tanz f\u00fcr jedes Gef\u00fchl\"<\/h1>\t\t\t\t<\/div>\n\t\t\t\t<\/div>\n\t\t\t\t\t<\/div>\n\t\t<\/div>\n\t\t\t\t\t<\/div>\n\t\t<\/section>\n\t\t\t\t<section class=\"elementor-section elementor-top-section elementor-element elementor-element-49edd4e elementor-section-full_width elementor-section-height-default elementor-section-height-default\" data-id=\"49edd4e\" data-element_type=\"section\" data-e-type=\"section\">\n\t\t\t\t\t\t<div class=\"elementor-container elementor-column-gap-extended\">\n\t\t\t\t\t<div class=\"elementor-column elementor-col-100 elementor-top-column elementor-element elementor-element-1fbf0bd\" data-id=\"1fbf0bd\" data-element_type=\"column\" data-e-type=\"column\">\n\t\t\t<div class=\"elementor-widget-wrap elementor-element-populated\">\n\t\t\t\t\t\t<div class=\"elementor-element elementor-element-6112d3f elementor-widget elementor-widget-text-editor\" data-id=\"6112d3f\" data-element_type=\"widget\" data-e-type=\"widget\" data-widget_type=\"text-editor.default\">\n\t\t\t\t<div class=\"elementor-widget-container\">\n\t\t\t\t\t\t\t\t\t<p><br \/><span style=\"font-size: 14pt;\">Von \u00fcbersch\u00e4umender Lebensfreude bis hin zu tiefster Trauer oder Zorn, mal frech und mal dramatisch &#8211; all dies findet im Flamenco seinen Ausdruck. Im Unterricht tauchen wir gemeinsam in diese lebendige und mitrei\u00dfende Musik- und Tanzrichtung aus Andalusien (Spanien) ein.<\/span><\/p><p><strong><span style=\"font-size: 14pt;\">Flamencotanz kann jede\/r lernen!<\/span><\/strong><\/p><p><span style=\"font-size: 14pt;\">Freude an Musik, Rhythmus und t\u00e4nzerischer Bewegung sind die einzigen Voraussetzungen, die man ben\u00f6tigt. Mit Neugier und Spielfreude begegnen wir zusammen dem Abenteuer Flamenco.<\/span><br \/><span style=\"font-size: 14pt;\">Neben der Vermittlung der typischen Flamencotanztechniken wie die rhythmische Fu\u00dfarbeit, K\u00f6rperhaltung, Arm- und Handf\u00fchrung und der Kommunikation mit den Musikern ist mir wichtig, die Kursteilnehmer\/innen zu unterst\u00fctzen, nach und nach zu ihrem ganz pers\u00f6nlichen Ausdruck im Flamenco zu finden.<\/span><\/p><p style=\"text-align: center;\"><span style=\"font-size: 14pt; color: #800000;\">\u00a0<\/span><\/p><p style=\"text-align: center;\"><span style=\"font-size: 14pt; color: #800000;\">Meine <a style=\"color: #800000;\" href=\"https:\/\/www.flamencotanz-hamburg.de\/html\/unterricht\/\">Kurse<\/a> biete ich in HH-Altona, HH-Bahrenfeld und Harburg an. <\/span><\/p><p style=\"text-align: center;\"><span style=\"font-size: 14pt; color: #800000;\">Au\u00dferdem gebe ich regelm\u00e4\u00dfig gebe Bata Workshops Hannover.<\/span><\/p><p><span style=\"font-size: 14pt; color: #800000;\">Ich freue mich auf Euch! Eure Gundula<\/span><\/p>\t\t\t\t\t\t\t\t<\/div>\n\t\t\t\t<\/div>\n\t\t\t\t\t<\/div>\n\t\t<\/div>\n\t\t\t\t\t<\/div>\n\t\t<\/section>\n\t\t\t\t<\/div>\n\t\t","protected":false},"excerpt":{"rendered":"<p>&#8222;Flamenco &#8211; Der Tanz f\u00fcr jedes Gef\u00fchl&#8220; Von \u00fcbersch\u00e4umender Lebensfreude bis hin zu tiefster Trauer oder Zorn, mal frech und mal dramatisch &#8211; all dies findet im Flamenco seinen Ausdruck. Im Unterricht tauchen wir gemeinsam in diese lebendige und mitrei\u00dfende Musik- und Tanzrichtung aus Andalusien (Spanien) ein. Flamencotanz kann jede\/r lernen! Freude an Musik, Rhythmus [&hellip;]<\/p>\n","protected":false},"author":1,"featured_media":0,"parent":0,"menu_order":0,"comment_status":"closed","ping_status":"closed","template":"","meta":{"footnotes":""},"class_list":["post-141","page","type-page","status-publish","hentry","entry"],"_links":{"self":[{"href":"https:\/\/www.flamencotanz-hamburg.de\/index.php?rest_route=\/wp\/v2\/pages\/141","targetHints":{"allow":["GET"]}}],"collection":[{"href":"https:\/\/www.flamencotanz-hamburg.de\/index.php?rest_route=\/wp\/v2\/pages"}],"about":[{"href":"https:\/\/www.flamencotanz-hamburg.de\/index.php?rest_route=\/wp\/v2\/types\/page"}],"author":[{"embeddable":true,"href":"https:\/\/www.flamencotanz-hamburg.de\/index.php?rest_route=\/wp\/v2\/users\/1"}],"replies":[{"embeddable":true,"href":"https:\/\/www.flamencotanz-hamburg.de\/index.php?rest_route=%2Fwp%2Fv2%2Fcomments&post=141"}],"version-history":[{"count":37,"href":"https:\/\/www.flamencotanz-hamburg.de\/index.php?rest_route=\/wp\/v2\/pages\/141\/revisions"}],"predecessor-version":[{"id":908,"href":"https:\/\/www.flamencotanz-hamburg.de\/index.php?rest_route=\/wp\/v2\/pages\/141\/revisions\/908"}],"wp:attachment":[{"href":"https:\/\/www.flamencotanz-hamburg.de\/index.php?rest_route=%2Fwp%2Fv2%2Fmedia&parent=141"}],"curies":[{"name":"wp","href":"https:\/\/api.w.org\/{rel}","templated":true}]}}